{"id":1827,"date":"2022-09-26T13:57:15","date_gmt":"2022-09-26T12:57:15","guid":{"rendered":"https:\/\/avionicsduino.com\/?page_id=1827"},"modified":"2026-04-10T18:49:40","modified_gmt":"2026-04-10T17:49:40","slug":"nouveautes-et-mises-a-jour","status":"publish","type":"page","link":"https:\/\/avionicsduino.com\/index.php\/fr\/nouveautes-et-mises-a-jour\/","title":{"rendered":"Les nouveaut\u00e9s"},"content":{"rendered":"\n<ul class=\"wp-block-list\">\n<li><strong>10 avril 2025<\/strong><\/li>\n<\/ul>\n\n\n\n<p>Les essais de l&rsquo;EFIS-EMS ESP32 sont termin\u00e9s. Les programmes du module d&rsquo;affichage et du RDAM sont valid\u00e9s, m\u00eame si quelques petites am\u00e9liorations sont d\u00e9j\u00e0 \u00e0 l&rsquo;\u00e9tude. La <a href=\"https:\/\/avionicsduino.com\/index.php\/fr\/efis-ems-esp32\/\" title=\"EFIS-EMS ESP32\">page EFIS-EMS ESP32<\/a> a \u00e9t\u00e9 mise \u00e0 jour avec les r\u00e9sultats des derniers tests et un (tr\u00e8s) bref guide d&rsquo;utilisation.<\/p>\n\n\n\n<ul class=\"wp-block-list\">\n<li><strong>25 mars 2026<\/strong><\/li>\n<\/ul>\n\n\n\n<p>L&rsquo;EFIS-EMS ESP32 d\u00e9finitif est enfin termin\u00e9, et mont\u00e9 dans l&rsquo;avion de test, en remplacement des EFIS et EMS Teensy. Les premiers essais en vol sont tr\u00e8s satisfaisants. Apr\u00e8s correction des derniers petits bugs logiciels, tout fonctionne parfaitement, comme attendu. Il reste encore un essai \u00e0 faire pour tout rev\u00e9rifier avec la derni\u00e8re version 1.2 des programmes des deux modules, \u00e9cran et RDAM. La <a href=\"https:\/\/avionicsduino.com\/index.php\/fr\/efis-ems-esp32\/\" title=\"EFIS-EMS ESP32\">page EFIS-EMS ESP32<\/a> est compl\u00e8te et en ligne, avec tous les liens de t\u00e9l\u00e9chargement n\u00e9cessaires. Les pages \u00ab\u00a0<a href=\"https:\/\/avionicsduino.com\/index.php\/fr\/les-cartes-microcontroleur-utilisees\/\" title=\"Cartes microcontr\u00f4leur\">Les cartes microcontr\u00f4leur Arduino, Teensy et ESP32<\/a>\u00a0\u00bb et \u00ab\u00a0<a href=\"https:\/\/avionicsduino.com\/index.php\/fr\/les-ecrans\/\" title=\"Les \u00e9crans\">\u00c9crans TFT et avionique DIY<\/a>\u00a0\u00bb ont \u00e9t\u00e9 revues en profondeur et mises \u00e0 jour avec l&rsquo;arriv\u00e9e en force de l&rsquo;ESP32 dans l&rsquo;\u00e9cosyst\u00e8me AvionicsDuino.<\/p>\n\n\n\n<ul class=\"wp-block-list\">\n<li><strong>7 juillet 2025<\/strong><\/li>\n<\/ul>\n\n\n\n<p>Une nouvelle page vient d&rsquo;\u00eatre mise en ligne. Elle concerne un syst\u00e8me enti\u00e8rement nouveau : un <a href=\"https:\/\/avionicsduino.com\/index.php\/fr\/efis-ems-esp32\/\" title=\"EFIS-EMS ESP32\">EFIS-EMS sur un \u00e9cran de 7&Prime;<\/a>, anim\u00e9 par deux microcontr\u00f4leurs ESP32-S3. Ce syst\u00e8me a \u00e9t\u00e9 r\u00e9cemment valid\u00e9 par des essais en vol. Les fichiers Kicad, la nomenclature des composants et les logiciels vont tr\u00e8s prochainement \u00eatre mis en ligne.<\/p>\n\n\n\n<ul class=\"wp-block-list\">\n<li><strong>28 ao\u00fbt 2024<\/strong><\/li>\n<\/ul>\n\n\n\n<p>Une <a href=\"https:\/\/avionicsduino.com\/index.php\/fr\/clause-de-non-responsabilite-et-droit-dauteur\/\" title=\"Clause de non-responsabilit\u00e9 et droits d'auteur\">page \u00ab\u00a0Clause de non-responsabilit\u00e9 et droits d\u2019auteur\u00a0\u00bb<\/a> a \u00e9t\u00e9 ajout\u00e9e. La nature des licences affectant les logiciels et le mat\u00e9riel est pr\u00e9cis\u00e9e. Il s&rsquo;agit bien s\u00fbr de licences open-source.<\/p>\n\n\n\n<ul class=\"wp-block-list\">\n<li><strong>20 avril 2024<\/strong><\/li>\n<\/ul>\n\n\n\n<p>Une nouvelle page concernant les <a href=\"https:\/\/avionicsduino.com\/index.php\/fr\/les-capteurs-de-pression-de-lefis\/\" title=\"Les capteurs de pression de l'EFIS\">capteurs de pression utilis\u00e9s par l&rsquo;EFIS<\/a> a \u00e9t\u00e9 ajout\u00e9e dans la rubrique \u00ab\u00a0Technique\u00a0\u00bb. Elle fournit de nombreux renseignements utiles pour v\u00e9rifier ou \u00e9talonner les capteurs, pour ajuster certaines options de menu, ou pour modifier certaines constantes dans le programme de l&rsquo;EFIS.<\/p>\n\n\n\n<ul class=\"wp-block-list\">\n<li><strong>15 avril 2024<\/strong><\/li>\n<\/ul>\n\n\n\n<p><span style=\"box-sizing: border-box; margin: 0px; padding: 0px;\">Les tests en vol du&nbsp;<a href=\"https:\/\/avionicsduino.com\/index.php\/fr\/enregistreur-de-vol\/\" target=\"_blank\">nouvel enregistreur de param\u00e8tres de vol<\/a>&nbsp;sont achev\u00e9s, les fichiers Kicad, la nomenclature des composants et le logiciel sont disponibles pour t\u00e9l\u00e9chargement.<\/span><\/p>\n\n\n\n<ul class=\"wp-block-list\">\n<li><strong>29 mars 2024<\/strong><\/li>\n<\/ul>\n\n\n\n<p>Un nouvel enregistreur de vol a \u00e9t\u00e9 mis en service, il est en cours de tests. Voir <a href=\"https:\/\/avionicsduino.com\/index.php\/fr\/enregistreur-de-vol\/\" title=\"Enregistreur de vol\">cette page<\/a>. Il utilise les nouvelles possibilit\u00e9s li\u00e9es \u00e0 la r\u00e9cente refonte du bus CAN. Il est bas\u00e9 sur une carte Arduino Nano ESP32, voir la page sur <a href=\"https:\/\/avionicsduino.com\/index.php\/fr\/les-cartes-microcontroleur-utilisees\/\" title=\"Les cartes microcontr\u00f4leur\">les microcontr\u00f4leurs<\/a>, elle a \u00e9t\u00e9 r\u00e9vis\u00e9e et mise \u00e0 jour.<\/p>\n\n\n\n<ul class=\"wp-block-list\">\n<li><strong>26 mars 2024<\/strong><\/li>\n<\/ul>\n\n\n\n<p>La page sur le <a href=\"https:\/\/avionicsduino.com\/index.php\/fr\/le-bus-can\/\" title=\"Le bus CAN\">bus CAN<\/a> a \u00e9t\u00e9 r\u00e9vis\u00e9e en profondeur dans la section \u00ab\u00a0Programmation\u00a0\u00bb. Dans le m\u00eame temps, une nouvelle configuration du bus CAN a \u00e9t\u00e9 mise en place. L&rsquo;ancienne ligne de communication UART entre l&rsquo;AHRS et l&rsquo;unit\u00e9 principale EFIS a \u00e9t\u00e9 supprim\u00e9e. L&rsquo;AHRS est d\u00e9sormais connect\u00e9 au bus CAN. Bien entendu, de nombreuses mises \u00e0 jour logicielles ont \u00e9t\u00e9 r\u00e9alis\u00e9es \u00e0 cet effet. Les nouvelles et anciennes versions du logiciel sont disponibles en t\u00e9l\u00e9chargement sur GitHub. De nombreuses mises \u00e0 jour mineures ont \u00e9galement \u00e9t\u00e9 apport\u00e9es aux pages EFIS et AHRS.<\/p>\n\n\n\n<ul class=\"wp-block-list\">\n<li><strong>13 f\u00e9vrier 2024<\/strong><\/li>\n<\/ul>\n\n\n\n<p>Il est d\u00e9sormais possible d&rsquo;ajouter des fichiers attach\u00e9s aux commentaires. Pour l&rsquo;instant uniquement des images aux formats JPG et PNG, des documents aux formats PDF et TXT ou des archives ZIP. Par ailleurs, les visiteurs qui d\u00e9posent des commentaires seront maintenant automatiquement pr\u00e9venus par mail d\u00e8s que le mod\u00e9rateur aura approuv\u00e9 leur commentaire.<\/p>\n\n\n\n<p>Une page de <a href=\"https:\/\/avionicsduino.com\/index.php\/fr\/conseils_pour_les_commentaires\/\" title=\"Conseils pour la r\u00e9daction des commentaires\">conseils pour la r\u00e9daction des commentaires<\/a> a \u00e9t\u00e9 ajout\u00e9e.<\/p>\n\n\n\n<ul class=\"wp-block-list\">\n<li><strong>11 f\u00e9vrier 2024<\/strong><\/li>\n<\/ul>\n\n\n\n<p>La configuration du GNSS a \u00e9t\u00e9 clarifi\u00e9e. Les pages <a href=\"https:\/\/avionicsduino.com\/index.php\/fr\/lahrs\/\" target=\"_blank\" rel=\"noopener\" title=\"AHRS\">AHRS <\/a>et <a href=\"https:\/\/avionicsduino.com\/index.php\/fr\/configuration-du-gnss-u-blox\/\" target=\"_blank\" rel=\"noopener\" title=\"Configuration du GNSS\">Configuration du GNSS<\/a> ont \u00e9t\u00e9 mises \u00e0 jour en cons\u00e9quence.<\/p>\n\n\n\n<ul class=\"wp-block-list\">\n<li><strong>3 d\u00e9cembre 2023<\/strong><\/li>\n<\/ul>\n\n\n\n<p>Une page consacr\u00e9e \u00e0 <a href=\"https:\/\/avionicsduino.com\/index.php\/fr\/lide-arduino\/\" title=\"L'IDE Arduino\">l&rsquo;IDE Arduino<\/a> vient d&rsquo;\u00eatre mise en ligne dans la rubrique \u00ab\u00a0Programmation\u00a0\u00bb.<\/p>\n\n\n\n<ul class=\"wp-block-list\">\n<li><strong>2 d\u00e9cembre 2023<\/strong><\/li>\n<\/ul>\n\n\n\n<p>La page <a href=\"https:\/\/avionicsduino.com\/index.php\/fr\/efis\/\" title=\"EFIS\">EFIS<\/a> a \u00e9t\u00e9 presque enti\u00e8rement r\u00e9\u00e9crite. Les versions \u00ab\u00a0historiques\u00a0\u00bb ont \u00e9t\u00e9 supprim\u00e9es. La version actuelle du PCB de l&rsquo;EFIS est la V2.1, et la version logicielle est la 2.5<\/p>\n\n\n\n<p>La page <a href=\"https:\/\/avionicsduino.com\/index.php\/fr\/le-bus-can\/\" title=\"CAN bus\">CAN Bus<\/a> a \u00e9t\u00e9 compl\u00e9t\u00e9e et mise \u00e0 jour.<\/p>\n\n\n\n<ul class=\"wp-block-list\">\n<li><strong>8 novembre 2023<\/strong><\/li>\n<\/ul>\n\n\n\n<p>La mise \u00e0 jour de la page Micro-EMS Teensy est termin\u00e9e. La version 4.1 corrige la version 3 pr\u00e9c\u00e9dente.<\/p>\n\n\n\n<p>Une nouvelle page d\u00e9di\u00e9e au <a href=\"https:\/\/avionicsduino.com\/index.php\/fr\/le-bus-can\/\" title=\"Le bus CAN\">bus CAN<\/a> a \u00e9t\u00e9 ajout\u00e9e dans la rubrique \u00ab\u00a0Programmation\u00a0\u00bb.<\/p>\n\n\n\n<ul class=\"wp-block-list\">\n<li><strong>6 novembre 2023<\/strong><\/li>\n<\/ul>\n\n\n\n<p>Une page <a href=\"https:\/\/avionicsduino.com\/index.php\/fr\/capteurs-a-reluctance-variable-et-conditionnement-du-signal\/\" title=\"Capteurs VR et conditionnement du signal\">Capteurs \u00e0 r\u00e9luctance variable et conditionnement du signal<\/a> a \u00e9t\u00e9 ajout\u00e9e dans la rubrique \u00ab\u00a0Technique\u00a0\u00bb. <br><br>La page Micro-EMS reste accessible, mais elle est en travaux. Une nouvelle version de ce micro-EMS vient d&rsquo;\u00eatre valid\u00e9e, corrigeant les imperfections de la pr\u00e9c\u00e9dente.<\/p>\n\n\n\n<ul class=\"wp-block-list\">\n<li><strong>8 mai 2023<\/strong><\/li>\n<\/ul>\n\n\n\n<p>De nombreuses pages ont \u00e9t\u00e9 mises \u00e0 jour, et en particulier, les fichiers Gerber et de per\u00e7age sont d\u00e9sormais disponibles en t\u00e9l\u00e9chargement pour tous les circuits imprim\u00e9s, en plus des fichiers Kicad, afin de faciliter la commande de ces circuits aupr\u00e8s des fabricants.<\/p>\n\n\n\n<ul class=\"wp-block-list\">\n<li><strong>15 avril 2023<\/strong><\/li>\n<\/ul>\n\n\n\n<p>La page Micro-EMS Teensy est d\u00e9sormais compl\u00e8te, tous les liens sont actifs, vers le programme sur GitHub, les fichiers Kicad et la nomenclature des composants.<\/p>\n\n\n\n<ul class=\"wp-block-list\">\n<li><strong>13 avril 2023<\/strong><\/li>\n<\/ul>\n\n\n\n<p>La page <a href=\"https:\/\/avionicsduino.com\/index.php\/fr\/micro-ems-teensy\/\" title=\"Micro-EMS Teensy\">Micro-EMS Teensy<\/a> a \u00e9t\u00e9 mise en ligne. Une version nettement plus aboutie par rapport au Micro-EMS pr\u00e9c\u00e9dent, qui \u00e9tait bas\u00e9 sur une carte Arduino UNO. Cette page sera compl\u00e9t\u00e9e dans les prochains jours.<\/p>\n\n\n\n<ul class=\"wp-block-list\">\n<li><strong>11 avril 2023<\/strong><\/li>\n<\/ul>\n\n\n\n<p>Mise \u00e0 jour de la <a href=\"https:\/\/avionicsduino.com\/index.php\/fr\/ems-engine-monitoring-system\/\" title=\"EMS\">page EMS<\/a>. La nomenclature des composants a enfin \u00e9t\u00e9 ajout\u00e9e. Le code source est d\u00e9sormais disponible sur GitHub.<\/p>\n\n\n\n<p><strong>10 avril 2023<\/strong><\/p>\n\n\n\n<p>La <a href=\"https:\/\/avionicsduino.com\/index.php\/fr\/configuration-du-gnss-u-blox\/\" title=\"Configuration du GNSS\">page Configuration du GNSS NEO-M9N<\/a> a \u00e9t\u00e9 ajout\u00e9e.<br>Le bas de la <a href=\"https:\/\/avionicsduino.com\/index.php\/fr\/lahrs\/\" title=\"AHRS\">page AHRS<\/a> a \u00e9t\u00e9 mis \u00e0 jour en cons\u00e9quence, afin de mieux pr\u00e9ciser les options exactes de configuration du GNSS.<\/p>\n\n\n\n<p><strong>16 d\u00e9cembre 2022<\/strong><\/p>\n\n\n\n<p>La <a href=\"https:\/\/avionicsduino.com\/index.php\/fr\/ems-engine-monitoring-system\/\" title=\"EMS\">page EMS<\/a> a \u00e9t\u00e9 ajout\u00e9e. <br>La page <a href=\"https:\/\/avionicsduino.com\/index.php\/fr\/lavionique-open-source\/micro-ems-arduino\/\" title=\"Micro-EMS\">micro-EMS<\/a> a \u00e9t\u00e9 mise \u00e0 jour.<\/p>\n\n\n\n<ul class=\"wp-block-list\">\n<li><strong>15 d\u00e9cembre 2022<\/strong><\/li>\n<\/ul>\n\n\n\n<p>Les pages <a href=\"https:\/\/avionicsduino.com\/index.php\/fr\/lavionique-open-source\/micro-ems-arduino\/\" title=\"Micro-EMS\">micro-EMS<\/a> et <a href=\"https:\/\/avionicsduino.com\/index.php\/fr\/efis\/\" title=\"EFIS\">EFIS<\/a> ont \u00e9t\u00e9 mises \u00e0 jour, les versions 2 de ces deux r\u00e9alisations ont \u00e9t\u00e9 ajout\u00e9es.<\/p>\n\n\n\n<ul class=\"wp-block-list\">\n<li><strong>5 novembre 2022<\/strong><\/li>\n<\/ul>\n\n\n\n<p>Ajout de la page <a href=\"https:\/\/avionicsduino.com\/index.php\/fr\/mesure-du-courant\/\" title=\"Mesure du courant\">Mesure du courant<\/a> dans la rubrique \u00ab\u00a0Technique\u00a0\u00bb.<\/p>\n\n\n\n<ul class=\"wp-block-list\">\n<li><strong>1er novembre 2022<\/strong><\/li>\n<\/ul>\n\n\n\n<p>Ajout de la page <a href=\"https:\/\/avionicsduino.com\/index.php\/fr\/lalimentation-electrique\/\" title=\"Alimentation \u00e9lectrique\">Alimentation \u00e9lectrique<\/a>, dans la rubrique \u00ab\u00a0Technique\u00a0\u00bb.<\/p>\n\n\n\n<ul class=\"wp-block-list\">\n<li><strong>19 octobre 2022<\/strong><\/li>\n<\/ul>\n\n\n\n<p>Ajout de la page <a href=\"https:\/\/avionicsduino.com\/index.php\/fr\/enregistreur-de-vol\/\" title=\"Enregistreur de vol\">Enregistreur de vol<\/a> dans la rubrique \u00ab\u00a0Programmation\u00a0\u00bb.<br>Ajout des liens de t\u00e9l\u00e9chargement \u00e0 la fin de la <a href=\"https:\/\/avionicsduino.com\/index.php\/fr\/lahrs\/?preview_id=344&amp;preview_nonce=a2e64c8fb7&amp;preview=true\" title=\"Page AHRS\">page AHRS<\/a> (programme et fichiers Kicad)<\/p>\n\n\n\n<ul class=\"wp-block-list\">\n<li><strong>29 septembre 2022<\/strong><\/li>\n<\/ul>\n\n\n\n<p>La page AHRS a \u00e9t\u00e9 modifi\u00e9e, il reste \u00e0 ajouter des liens de t\u00e9l\u00e9chargement pour le sch\u00e9ma et la r\u00e9alisation du circuit imprim\u00e9, et pour le logiciel. Une page consacr\u00e9e \u00e0 la mesure de la temp\u00e9rature des gaz d&rsquo;\u00e9chappement (<a href=\"https:\/\/avionicsduino.com\/index.php\/fr\/la-mesure-de-temperature-des-gaz-dechappement-egt\/\" title=\"EGT\">EGT<\/a>) a \u00e9t\u00e9 ajout\u00e9e dans la rubrique \u00ab\u00a0Technique\u00a0\u00bb. Ainsi qu&rsquo;une page sur le <a href=\"https:\/\/avionicsduino.com\/index.php\/fr\/le-capteur-de-pression-dhuile-rotax\/\" title=\"Capteur pression huile\">capteur de pression d&rsquo;huile<\/a>, dans la m\u00eame rubrique.<\/p>\n\n\n\n<ul class=\"wp-block-list\">\n<li><strong>26 septembre 2022<\/strong><\/li>\n<\/ul>\n\n\n\n<p>Il y a eu pas mal de progr\u00e8s ces derniers mois dans plusieurs domaines. La <a href=\"https:\/\/avionicsduino.com\/index.php\/fr\/ems-engine-monitoring-system\/\" title=\"Page EMS\">page EMS<\/a> va enfin pouvoir \u00eatre r\u00e9dig\u00e9e ! Pour l&rsquo;instant elle ne contient qu&rsquo;une courte vid\u00e9o en vol du nouvel EFIS-EMS, dont la partie EFIS b\u00e9n\u00e9ficie surtout d&rsquo;un nouvel AHRS maison. Le sch\u00e9ma et le logiciel open source de cet AHRS seront prochainement publi\u00e9s, la <a href=\"https:\/\/avionicsduino.com\/index.php\/fr\/lahrs\/\" title=\"Page AHRS\">page AHRS<\/a> sera modifi\u00e9e en cons\u00e9quence. <\/p>\n\n\n\n<p>Ce nouvel AHRS r\u00e8gle la question de la non-disponibilit\u00e9 commerciale du syst\u00e8me Naveol. L&rsquo;EMS fonctionne \u00e0 la perfection. L&rsquo;interface visuelle est pour le moment tr\u00e8s d\u00e9pouill\u00e9e, en mode texte uniquement, ce qui facilite les tests en vol. L\u00e0 aussi, les sch\u00e9mas, fichiers <a href=\"https:\/\/www.kicad.org\/\" title=\"KICAD\">KICAD<\/a> et logiciel open source seront disponibles sur le site.<\/p>\n","protected":false},"excerpt":{"rendered":"<p>Les essais de l&rsquo;EFIS-EMS ESP32 sont termin\u00e9s. Les programmes du module d&rsquo;affichage et du RDAM sont valid\u00e9s, m\u00eame si quelques petites am\u00e9liorations sont d\u00e9j\u00e0 \u00e0 l&rsquo;\u00e9tude. La page EFIS-EMS ESP32 a \u00e9t\u00e9 mise \u00e0 jour avec les r\u00e9sultats des derniers tests et un (tr\u00e8s) bref guide d&rsquo;utilisation. L&rsquo;EFIS-EMS ESP32 d\u00e9finitif est enfin termin\u00e9, et mont\u00e9 &hellip; <a href=\"https:\/\/avionicsduino.com\/index.php\/fr\/nouveautes-et-mises-a-jour\/\" class=\"more-link\">Continuer la lecture<span class=\"screen-reader-text\"> de &laquo;&nbsp;Les nouveaut\u00e9s&nbsp;&raquo;<\/span><\/a><\/p>\n","protected":false},"author":1,"featured_media":0,"parent":0,"menu_order":0,"comment_status":"open","ping_status":"closed","template":"","meta":{"om_disable_all_campaigns":false,"_monsterinsights_skip_tracking":false,"_monsterinsights_sitenote_active":false,"_monsterinsights_sitenote_note":"","_monsterinsights_sitenote_category":0,"footnotes":""},"class_list":["post-1827","page","type-page","status-publish","hentry"],"aioseo_notices":[],"_links":{"self":[{"href":"https:\/\/avionicsduino.com\/index.php\/wp-json\/wp\/v2\/pages\/1827","targetHints":{"allow":["GET"]}}],"collection":[{"href":"https:\/\/avionicsduino.com\/index.php\/wp-json\/wp\/v2\/pages"}],"about":[{"href":"https:\/\/avionicsduino.com\/index.php\/wp-json\/wp\/v2\/types\/page"}],"author":[{"embeddable":true,"href":"https:\/\/avionicsduino.com\/index.php\/wp-json\/wp\/v2\/users\/1"}],"replies":[{"embeddable":true,"href":"https:\/\/avionicsduino.com\/index.php\/wp-json\/wp\/v2\/comments?post=1827"}],"version-history":[{"count":55,"href":"https:\/\/avionicsduino.com\/index.php\/wp-json\/wp\/v2\/pages\/1827\/revisions"}],"predecessor-version":[{"id":5567,"href":"https:\/\/avionicsduino.com\/index.php\/wp-json\/wp\/v2\/pages\/1827\/revisions\/5567"}],"wp:attachment":[{"href":"https:\/\/avionicsduino.com\/index.php\/wp-json\/wp\/v2\/media?parent=1827"}],"curies":[{"name":"wp","href":"https:\/\/api.w.org\/{rel}","templated":true}]}}